at are the prime factors of t?
2, 3
Suppose 4*b + 53 = 2*p - 17, -49 = 4*b + 5*p. Let r = b + 37. What are the prime factors of r?
3, 7
Let z = -48 + 50. Suppose z*w - 8*w + 156 = 0. What are the prime factors of w?
2, 13
Let w = 11 - 7. Suppose w*g + 38 = -26. Let t = g - -24. List the prime factors of t.
2
Suppose g + 9 = -3*s - 78, s = 2*g - 22. List the prime factors of (0 - -2)*2/((-16)/s).
7
Let q = -21 - -3. Let a = -20 + q. Let r = 0 - a. What are the prime factors of r?
2, 19
Let f(a) = 10*a**2 - a - 71. List the prime factors of f(23).
2, 3, 433
Let a(n) = 28*n**2 - 22*n + 279. List the prime factors of a(15).
3, 2083
Let t(s) = -111*s + 53. List the prime factors of t(-13).
2, 11, 17
Suppose 0*t = -4*i + 3*t + 2, -4*t = 4*i - 16. Let y(p) = -12*p - 3*p**2 - 1 + 5*p**i - p**2 - 19. List the prime factors of y(14).
2
Let t(s) = 2*s**2 + 13*s + 6. Let b be t(-6). Suppose b = 4*r - 3*v - 151, 2*r - v - 72 = -3*v. Suppose 6*y = 29 + r. List the prime factors of y.
11
Let y be ((-9)/(-2))/(108/(-144)). List the prime factors of (-1 - 31/(-3))/(y/(-9)).
2, 7
Let c = 787 - 411. Suppose -3*t + 2*x + c = 0, 2*x + 247 = 2*t - 3*x. List the prime factors of t.
2, 3, 7
What are the prime factors of (78/117)/(2/2625)?
5, 7
Suppose -85 + 32 = -w. Suppose -2*p = -j - 420, -3*p - 3*j + w + 577 = 0. List the prime factors of p.
2, 3, 5, 7
Let r = -22 - -39. Suppose r*u = 19*u - 10. Suppose 48 = u*f - 82. What are the prime factors of f?
2, 13
Let c(w) = -w**3 - 2*w**2 + 12*w + 7. Let x be c(-5). Let m = x - -45. What are the prime factors of m?
67
Suppose 2*s - 19 = -41. Let o(h) = -11*h + 53. What are the prime factors of o(s)?
2, 3, 29
Let z = 6327 - 2925. List the prime factors of z.
2, 3, 7
Let p(c) = -4*c**3 + 10*c**2 - 9*c + 10. Let s(a) = -5*a**3 + 10*a**2 - 10*a + 11. Let o(z) = 6*p(z) - 5*s(z). List the prime factors of o(-10).
3, 5
Let b(c) = c**3 + 7*c**2 + 2*c + 12. Let a be b(-5). List the prime factors of (-702)/a*8/(-6).
2, 3
Suppose -8*j = 33*j - 36203. What are the prime factors of j?
883
Suppose -3*c + 0*c = -159. Let m = 173 - c. List the prime factors of m.
2, 3, 5
Suppose 3*m - 2*m = -5*w + 58, 0 = -3*m - 2*w + 122. List the prime factors of m.
2, 19
Suppose -22*p = -9*p - 3822. What are the prime factors of p?
2, 3, 7
Let r = -48 + 28. Let b = 89 + r. What are the prime factors of b?
3, 23
Suppose -464 = -a + 5*i, 6*a - 2*i = 10*a - 1966. What are the prime factors of a?
3, 163
Suppose -3*g + 268 = g. Suppose t + g = 5*v, v - t = 3*v - 24. List the prime factors of (4/(-4))/((-1)/v).
13
Let j = -3 - -17. Let u be (8/j)/(2/7). Suppose 80 = 2*i + u*i. List the prime factors of i.
2, 5
Suppose -o + 372 = -5*n, n - 5*n - 290 = 3*o. Suppose 0 = 4*p - 5*s - 561, -4*p = -2*s - 496 - 62. Let m = n + p. What are the prime factors of m?
5, 13
Let w = -95 + 1635. What are the prime factors of w?
2, 5, 7, 11
Let j(o) be the second derivative of -o + 0 - 7/6*o**3 - 4*o**2. List the prime factors of j(-4).
2, 5
What are the prime factors of (4 - (-100)/(-24))/((-1)/13434)?
2239
Let a = 6 + 40. Suppose a = 2*p + 4*h, -p - 5*h - 91 = -4*p. What are the prime factors of p?
3
Suppose 8*u = 9*u + 22. Let b = 37 - u. List the prime factors of b.
59
Let h(b) = 13*b - 7. Let d = 32 + -28. List the prime factors of h(d).
3, 5
Let n be 44/2 - 0/(-1). Suppose 2*a = -3*r + n, a + r = 2*r + 1. Suppose 0 = 5*q + a*y - 160, -3*q + 2*y + 47 = -2*q. What are the prime factors of q?
37
Let d(u) = 6*u**2 - 5*u + 2. Let q be d(1). Suppose r = -2*y + 120, -3*r + 368 = -q*y + 5*y. What are the prime factors of r?
2, 31
Let x = 142 - -221. List the prime factors of x.
3, 11
Let q be (-8)/(-48) + (5865/18)/(-5). What are the prime factors of (-1102)/(-11) + 1 + q/55?
2, 5
Suppose 0 = 3*z + z - 72. Let k = 58 - z. Suppose -k = -7*l + 2*l. What are the prime factors of l?
2
Let g(b) = 43*b + 16. Let k be g(6). Let l = 402 - k. List the prime factors of l.
2
Let b(o) = -475*o - 39. List the prime factors of b(-3).
2, 3, 7, 11
Let a = -13 - -11. Let v be (7 + 4/a)*8. Suppose 6*g = 2*g + v. List the prime factors of g.
2, 5
Suppose w = -2*w - 12. Let s be w*63/(-12)*3. Let k = s + -35. What are the prime factors of k?
2, 7
Let d = 32 + -34. What are the prime factors of 1712/26 + d/(-13)?
2, 3, 11
List the prime factors of 19/((-95)/30) - -49.
43
Let p(z) be the second derivative of -5/2*z**2 + 2*z + 0 - 2/3*z**3. What are the prime factors of p(-4)?
11
Let n(v) = -3*v**3 - v**2 + 2. Let b be n(1). Let s be -2*1/(-2) - b. Suppose -19 = -s*i + 80. What are the prime factors of i?
3, 11
Suppose 7*i - 40 = 3*i. List the prime factors of (-909)/(-5) - -6*i/(-75).
181
Let a be (-7 + 186/30)/(2/5). Let o(v) = -9*v + 3. Let p(k) = 5*k - 2. Let u(m) = 3*o(m) + 5*p(m). List the prime factors of u(a).
3
Let g be 1 + -3 - -11 - 1. Let h be 4 + -1 + -4*4. Let c = g - h. List the prime factors of c.
3, 7
Let i(b) = 681*b - 16. List the prime factors of i(3).
2027
Suppose -3*h - 107 = 2*i, 2*h = 2*i + 61 + 41. Let c(n) = 8*n**2 - n - 2. Let d be c(-3). Let u = i + d. List the prime factors of u.
3, 7
Let x(t) = t + 17. Let b be x(-12). Suppose 1 = -z + b. Suppose -d + z*d = -4*i + 66, -5*d - 28 = -i. What are the prime factors of i?
2, 3
Let w(s) = 229*s**2 + 4*s - 5. Let m = 113 + -112. What are the prime factors of w(m)?
2, 3, 19
What are the prime factors of 186/(-12)*(-75 + (2 - 1))?
31, 37
Suppose 12 - 8 = 2*l. Let i(s) = 11*s**3 + 4*s**2 - 3*s + 5. List the prime factors of i(l).
103
Let o = 381 - 155. List the prime factors of o.
2, 113
List the prime factors of 1/(-2) - (-3 + 30435/(-10)).
2, 1523
Suppose -478 = 7*n + 558. Let h = -87 - n. List the prime factors of h.
61
Suppose 0 = 5*h - 0*h - 15. Suppose h*t + 114 = 4*t. Suppose -n = 2*s + 3 - t, 5*s - n = 274. List the prime factors of s.
5, 11
Suppose -5*b = -3*z + 38, 4*z - 2*z - 21 = -b. Suppose v - 33 = -z. What are the prime factors of v?
2, 11
Let p = 54 + -54. Suppose -q + 2*q - 74 = p. What are the prime factors of q?
2, 37
Let v(n) = 8*n**3 - 5*n**2 + 7*n + 5. List the prime factors of v(4).
3, 5, 31
Let b(o) = -4*o + 279. Let a = 123 - 123. List the prime factors of b(a).
3, 31
Let w = 45 - 65. Let v be (15/w)/(1/(-4)). Suppose -v*p = 5*n - 68, -n - 62 = -4*p + 44. List the prime factors of p.
2, 13
Let a(i) = 2*i. Let x be a(1). Let k(w) = 9*w - 1. Let u be k(1). Suppose -x*v + 22 = -u. What are the prime factors of v?
3, 5
Suppose -4*c = c - 10. Suppose -q + 5*f + 6 + 0 = 0, -5*q = 3*f - c. Let z(d) = 46*d**2 + d - 1. List the prime factors of z(q).
2, 23
Suppose -2*d - 25 = -3*d + 4*q, -2*q = 10. Suppose 6 = -d*l + 7*l. Suppose -2*c + 5*m + 20 = 4*m, l = c + 3*m. List the prime factors of c.
3
Suppose -3*r - 50 = -a, 4*r + 91 - 27 = 4*a. Let u = 2 + r. Let f = u - -39. List the prime factors of f.
2, 3
Suppose 55*v - 237510 = -15*v. What are the prime factors of v?
3, 13, 29
Let v(l) be the first derivative of l**5/10 + l**4/6 - l**3/6 - 6*l + 1. Let i(f) be the first derivative of v(f). What are the prime factors of i(2)?
2, 11
Suppose o = -0*o. Let m = 22 - o. Suppose 3*h + m = 64. List the prime factors of h.
2, 7
Suppose -5*c - 9 = 3*f - 4, 2*f + 6 = -2*c. Let a(k) = c - k - 4 - 6 + 4. List the prime factors of a(-6).
2
Suppose -22 = -k - 4*k + 4*z, -4*k = -3*z - 17. Suppose 4*r + 68 = 9*r + 4*f, f - k = 0. What are the prime factors of r?
2, 3
Let b(g) = -281*g - 324. What are the prime factors of b(-15)?
3, 1297
List the prime factors of (-2 - -3)/(2/3136) - -3.
1571
Let r(l) = -l**2 + 23*l + 11. Let z(d) = d**2 - 12*d + 19. Let j be z(12). List the prime factors of r(j).
3, 29
Suppose 2*i - 4*g + 199 = 1271, -4*g = 16. What are the prime factors of i?
2, 3, 11
Suppose 0 = -r - 2*l + 255, 0 = 6*l - l. Suppose 0 = c + 5*x, 4*x - 1 = -c - 0. Suppose 0 = -c*z + 2*d + 270, 5*z - 2*d - 3*d = r. List the prime factors of z.
2, 7
Let f be ((-4)/14 + (-63)/(-49))*443. Let n = 620 - f. What are the prime factors of n?
3, 59
Suppose -7*s + 5*s - 8 = 0. Let v be 14/2 + 12/s. Let k = 27 - v. What are the prime factors of k?
23
Suppose -191 = -z + 103. What are the prime factors of z?
2, 3, 7
Let x(q) = q + 10. Let n be x(0). Let g be 0*(n/4 + -2). List the prime factors of g + 11 + 13/(-13).
2, 5
Suppose 6*j - 4